 = 3*v**3 - v. Let k = -5 - -4. Let h be (-3)/(3*(0 + k)). Calculate d(h).
2
Let i(c) = 7*c**2 + 4*c + 8. Let q(t) = -3*t**2 + t + 5. Let k(p) = -4*p**2 + p + 6. Let m(n) = 4*k(n) - 5*q(n). Let s(v) = -i(v) - 6*m(v). Give s(3).
-5
Let s be ((-4)/6)/((-2)/6). Suppose 2*k = -0 + s, -4*k = 3*f - 13. Let m(c) = -c + 3. What is m(f)?
0
Suppose 4*v = 5*g - 18, -v - 4 = -5*g - 4*v. Suppose c + 2*h = -4*c - g, 0 = -3*h - 3. Let x(i) = -i**3 + i**2 + i + 2. Determine x(c).
2
Let w = -25 + 31. Let y(m) = -m**2 + 0*m**2 - 6 + 0*m**2 + 8*m. Determine y(w).
6
Let k(m) be the first derivative of m**5/40 - m**4/24 - 4*m**3/3 + 1. Let a(y) be the third derivative of k(y). Determine a(1).
2
Let o(y) = -y**3 + 3*y**2 + 4*y - 2. Suppose 7 = k + 3. Give o(k).
-2
Let y(j) be the first derivative of j**3/3 + 5*j**2/2 + 4*j - 25. Let r = 15 - 11. Suppose 0 = p - 5*d - 5, r*d = 5*p - 0*d + 17. Give y(p).
4
Let t(l) = 13*l**2 - 4*l + 1. Let a(d) = -d**2 + d. Let x(z) = 2*a(z) + t(z). Give x(1).
10
Let a(m) = 14*m**2 + 11. Let g(d) = -9*d**2 - 7. Let j(b) = 5*a(b) + 8*g(b). Calculate j(-1).
-3
Let p(u) = -u + 2 + 0 - 3 + 2. Give p(6).
-5
Let p(j) be the second derivative of -5*j + 0 - 1/2*j**2 - 1/6*j**3. Give p(-4).
3
Let f(t) = -9*t + 3. Let p(x) = x**3 - 16*x**2 - 17*x + 2. Let k be p(17). Give f(k).
-15
Let k(b) be the second derivative of b**3/6 - 5*b**2/2 + 3*b. Calculate k(5).
0
Let o(v) = -v**3 - v**2 - v + 10. Suppose 0*p = -4*p. Calculate o(p).
10
Let c(r) = -r + 0*r + r**3 - 35 + 2*r**2 + 34. Calculate c(-2).
1
Suppose g = 6*g + 20. Let s be 2 - g/(-2*1). Suppose s = -3*t + 2*t. Let b(d) = d + 1. What is b(t)?
1
Let g(n) be the second derivative of -n**4/4 - n**2/2 + 18*n. Give g(1).
-4
Let v(c) = 1 + 3*c + 1 - 2. Give v(3).
9
Let p be (-2)/4 + 55/10. Suppose -p*j + 4 = 14. Let d be j/4*-5*2. Let q(s) = -s**2 + 6*s - 7. Determine q(d).
-2
Let a(t) = 4*t + 1. Let l(z) = z**2 - 14*z + 9. Let f be l(13). Calculate a(f).
-15
Let t(z) = -2*z + 13. Let s(i) be the first derivative of -i**2/2 + 7*i - 3. Let g(m) = 11*s(m) - 6*t(m). Suppose 0 = r - 6*r - 20. Calculate g(r).
-5
Let p be 4/16 - 1/4. Suppose -2*w + p*w = 2. Let c(m) = 0 - m**2 - 3*m + 1 + 4*m - m**2. Give c(w).
-2
Let o(n) be the first derivative of -n**4/4 + 3*n**3 - 4*n**2 + 2*n - 31. Give o(8).
2
Let d(k) be the third derivative of -k**6/12 + k**4/24 + 2*k**2. What is d(-1)?
9
Let t(o) be the third derivative of -o**6/60 - o**2. Let z be t(1). Let k(w) = 2*w**2 - 2*w - 2. Give k(z).
10
Let d(k) = k**2 + 7*k + 5. Let g(v) = 4*v + 27. Let x be g(-8). What is d(x)?
-5
Suppose a - 3*a + 4 = -5*w, 2*a - 4*w - 4 = 0. Let c(d) = a*d - d + d - d**2. Give c(2).
0
Let d(k) = k**3 + 6*k**2 - 2. Let c = -14 + 7. Let o = c + 11. Suppose -o*u = u + 30. Calculate d(u).
-2
Let m(w) be the third derivative of -w**6/120 - w**5/60 + 2*w**3/3 - 17*w**2. Give m(0).
4
Let p = 8 - 4. Let x(b) = -b**3 + 4*b**2 + b + 5. What is x(p)?
9
Let k(j) = -j**2 - 7*j - 5. Let w = 17 + -12. Let r(n) = -6*n**2 + 7 - 8*n - 2 + w*n**2. Let p be r(-9). Calculate k(p).
7
Let y(u) = u**3 - 6*u**2 - u + 7. Suppose -2*i + 4*p = -16, -4*p - p = -i + 11. Give y(i).
1
Let k(p) = p**3 + 8*p**2 - 2*p - 11. Let u be k(-8). Suppose -u*x - r + 23 = -5, -2*x - 2*r = -16. Let n(y) = -y**2 + 5*y + 2. What is n(x)?
2
Let l(y) = y**2 + 4*y + 3. Let f be (4 + 1 + 1)/(-2). Give l(f).
0
Let n(a) = -3*a**2 - a - 1. Suppose 0*d = -5*d + 25. Suppose -2*q - 5*y = -8, y + 1 = d*q + 8. Determine n(q).
-3
Let n(v) be the first derivative of v**6/120 - 2*v**5/15 + 7*v**4/24 - 2*v**3/3 + 3*v**2/2 + 6. Let i(b) be the second derivative of n(b). Determine i(7).
-4
Suppose -4*a = r + 36, -5*a - r - 32 = -3*r. Let u(k) = -k**2 - 10*k - 12. Determine u(a).
4
Let g = 1 + 0. Let a = -4 + g. Let f(j) = 7*j**2 + 4*j - 2. Let y(n) = 4*n**2 + 2*n - 2. Let i(m) = -3*f(m) + 5*y(m). What is i(a)?
-7
Let k(v) = 1. Let f(z) = z + 4. Let p(a) = f(a) - 5*k(a). Determine p(1).
0
Let w be 1 + 2 + 0/(-1). Let y(d) = -1 + d**w + 0*d**2 + d - 4*d**2 + 3*d**2. Calculate y(1).
0
Let a(y) = y**3 + 6*y**2 + 3*y + 4. Let r = -22 - -16. Calculate a(r).
-14
Let d(v) = -v**2 + v + 8. Let r be 1 + -5 + 16/4. Calculate d(r).
8
Let b = -139 - -133. Let o(u) = -u**3 - 7*u**2 - 4*u + 6. Give o(b).
-6
Suppose -10*s + 25 = -5*s. Let n(k) = k**3 - 4*k**2 - 4*k + 3. Determine n(s).
8
Suppose -4 = o - 3. Let b = 0 - o. Let g(m) = 1 - b - m + m**2 - 2 + 1. Calculate g(-2).
5
Let i(s) = 2*s. Let u be i(1). Let z be -6*((-3)/(-6) - u). Let d = 13 - z. Let v(c) = 3*c - 5. Give v(d).
7
Let v(r) be the second derivative of 1/3*r**3 + r**2 + 0 - 5*r. Determine v(-2).
-2
Let h(m) = 2 + m**3 - 2*m**3 - m**2 - 1 - m. Let s = -3 + 3. What is h(s)?
1
Let f(g) = 4*g**2 + 10*g + 0*g**2 + 2 - 8*g - 3*g**2. Let w = 2 - 5. Give f(w).
5
Let v(i) = 2*i**2 + 4 + i - 6 - i**3 - 2*i**2. Let a = 6 + -8. Give v(a).
4
Let l(g) be the third derivative of 7*g**5/120 - g**4/24 + 5*g**3/6 + 4*g**2. Let i(n) be the first derivative of l(n). Determine i(-2).
-15
Suppose 5*g + 0*g = 0. Let n(a) = 3 + a - 2 + g. Suppose -2*q = -2, -2*q - 6 = 2*s - 0*s. Give n(s).
-3
Let g(q) = -17*q - 5. Let j(k) = 4*k + 1. Let m(f) = 4*g(f) + 18*j(f). Suppose -2*u = -0*u - 2*b + 2, -2*u = 3*b - 13. What is m(u)?
6
Let l(j) be the third derivative of j**6/120 + j**5/60 + j**4/12 + j**3/6 + 5*j**2. What is l(-2)?
-7
Let s(b) = b + 5. Let u(d) = d + 6. Let j(y) = 4*s(y) - 3*u(y). Determine j(-6).
-4
Let v(i) = i**3 - 5*i**2 + 6*i - 2. Let h(l) = -3*l**3 + 11*l**2 - 12*l + 5. Let b(w) = 2*h(w) + 5*v(w). Give b(-5).
20
Let b be 14/(-4)*12/6. Let d(j) = j**2 + 9*j + 10. Determine d(b).
-4
Let m be 3/(2 + 1) - -4. Suppose 0 = -0*k - m*k - 5. Let u(p) = p**3 - p**2 + 1. What is u(k)?
-1
Let g = -3 - -2. Let o(p) be the third derivative of -p**6/20 + p**4/12 + p**3/6 + 4*p**2. Calculate o(g).
5
Let v(b) = 5*b**2 - 2*b + 3. Let d be (-16)/(-3) - (-3)/(-9). Let a(f) = -4*f**2 + f - 2. Let r(y) = d*v(y) + 6*a(y). Give r(3).
0
Let k(t) = t**2 + 7*t + 10. Let i be k(-3). Let r(y) = -y**3 - 2*y**2 + y + 1. What is r(i)?
-1
Let p(d) = -d**3 - 3*d**3 - d**3 + 1. What is p(-1)?
6
Let a(k) = 6 + k + 2 - 1. Let y be ((-7)/((-7)/(-3)))/1. What is a(y)?
4
Let s(r) = -3*r**2 - 3*r - 2. Let y(l) = -l**2 + 2*l + 22. Let j be y(-4). Calculate s(j).
-8
Let c(l) = -l**3 + 6*l**2 + l - 8. Let p = 14 + -8. Give c(p).
-2
Let p be (1 - 4)*2/(-3). Let w be -1 + 3 - (-2 - -1). Let r(m) = 4*m**3 + 6*m - 4*m + 0 - m**2 - 1 - 3*m**w. Give r(p).
7
Let q(n) = 2*n + 4. Let m be q(-3). Let s be (0 - (3 + m))/1. Let a be -2 + 5 + s + 1. Let x(y) = -2*y**2 + 3*y + 1. What is x(a)?
-8
Let w(d) = 4*d**3 - 12*d**2 - 3*d + 9. Let t(r) = 9*r**3 - 25*r**2 - 7*r + 19. Let o(f) = -3*t(f) + 7*w(f). What is o(9)?
6
Let r(y) = -2*y**2 - 40*y + 1. Let z(k) = -k**2 - 19*k. Let u(f) = 6*r(f) - 13*z(f). Give u(-8).
14
Let o(u) = 3*u + 7. Let r(g) = g**3 + 2*g**2 - 4*g. Let h be r(-3). Suppose -8 = q - h. What is o(q)?
-8
Let z(v) = -2*v**3 + 3*v**2 - 3*v + 3. Let u be (-1)/2*(-13 + 5). Suppose k = 5, u*o + 4*k - 4 - 4 = 0. Let a be -1 - (0 - 0) - o. Calculate z(a).
-7
Let j(s) = -6*s + 7 + 3*s**2 - 12 - 5*s**2. Determine j(-4).
-13
Let s(z) be the first derivative of z**4/4 - 3*z**3 + 7*z**2/2 - z - 10. Calculate s(8).
-9
Let a(z) be the second derivative of z**5/20 + z**4/2 + 7*z**3/6 - 5*z. Determine a(-5).
-10
Let r(u) = 2*u - 1. Suppose -2*o = -6*o - 4. Let b be (o - -3)/((-2)/3). Let t(g) = g + 1. Let l be t(b). Give r(l).
-5
Let y(s) = -s**2 + 0*s**3 + 14*s**2 - s + s**3 - 12*s**2 + 1. Calculate y(0).
1
Suppose 3*v - 7*v + 20 = 0. Let z(y) be the third derivative of 1/3*y**3 + 0*y - 3*y**2 + 0 - 1/24*y**4. What is z(v)?
-3
Let w(k) = 5*k - 3*k**2 + 4*k**2 - 4 + 7. Calculate w(-4).
-1
Let r(x) be the first derivative of x**2/2 - 9*x - 30. Determine r(7).
-2
Suppose t + 3*j + 19 = 3*t, 5*t = 4*j + 30. Let o(f) = t*f + 0 - 2 - f**2 - 3*f - f**3. Give o(0).
-2
Suppose 0 = 5*d, -5*d - 18 = -4*x + x. Let c(a) = -a**2 + 3*a + 6. What is c(x)?
-12
Let n(q) = -q**3 - 7*q + 3. Let b(m) = m**3 + m**2 + 6*m - 2. Let y(r) = -5*b(r) - 4*n(r). What is y(-5)?
8
Let g be 2 - (1 + -2 - 1). Let k be (-2 + 5)/(3/g). Suppose 2*y = -k*j + 4*y - 4, 0 = 4*j - 4*y. Let c(h) = h**2 - 2*h - 1. Give c(j).
7
Let g = 18 + -12. Su